10771305.
3, 5, 718087
List the prime factors of 641931.
3, 213977
List the prime factors of 20925491.
1597, 13103
List the prime factors of 666019.
666019
What are the prime factors of 37181148?
2, 3, 3098429
List the prime factors of 1967138.
2, 17, 47, 1231
List the prime factors of 478261.
7, 17, 4019
What are the prime factors of 349183?
349183
What are the prime factors of 490226?
2, 11, 22283
List the prime factors of 1027466.
2, 11, 46703
What are the prime factors of 150981?
3, 59, 853
List the prime factors of 1045237.
1045237
List the prime factors of 352314.
2, 3, 23, 37
List the prime factors of 1118048.
2, 34939
What are the prime factors of 7206?
2, 3, 1201
What are the prime factors of 30101432?
2, 47, 223, 359
List the prime factors of 957072.
2, 3, 127, 157
What are the prime factors of 5071554?
2, 3, 139, 2027
What are the prime factors of 2740603?
2740603
List the prime factors of 234934.
2, 7, 97, 173
List the prime factors of 1688208.
2, 3, 35171
List the prime factors of 3079581.
3, 47, 21841
List the prime factors of 1727900.
2, 5, 37, 467
List the prime factors of 3561663.
3, 7, 24229
What are the prime factors of 646719?
3, 215573
What are the prime factors of 240209?
240209
List the prime factors of 426156.
2, 3, 17, 2089
What are the prime factors of 1494677?
1494677
List the prime factors of 398807.
41, 71, 137
List the prime factors of 227625.
3, 5, 607
What are the prime factors of 10441843?
10441843
What are the prime factors of 407747?
407747
List the prime factors of 1840398.
2, 3, 7, 29, 1511
What are the prime factors of 204573?
3, 19, 37, 97
What are the prime factors of 1535698?
2, 761, 1009
List the prime factors of 325738.
2, 7, 53, 439
What are the prime factors of 317822?
2, 367, 433
List the prime factors of 258323.
13, 31, 641
List the prime factors of 576914.
2, 13, 22189
List the prime factors of 643584.
2, 3, 419
What are the prime factors of 231868?
2, 7, 13
List the prime factors of 180628.
2, 7, 6451
List the prime factors of 1568413.
7, 11, 20369
What are the prime factors of 5179703?
67, 97, 797
What are the prime factors of 101371?
17, 67, 89
List the prime factors of 614987.
733, 839
What are the prime factors of 1786724?
2, 421, 1061
List the prime factors of 277423.
17, 16319
What are the prime factors of 869451?
3, 11, 26347
What are the prime factors of 9964726?
2, 199, 25037
List the prime factors of 174298.
2, 87149
List the prime factors of 1772148.
2, 3, 7, 17, 73
What are the prime factors of 3027586?
2, 199, 7607
List the prime factors of 67044.
2, 3, 37, 151
List the prime factors of 9274888.
2, 7, 19, 23, 379
What are the prime factors of 3949584?
2, 3, 107, 769
List the prime factors of 357741.
3, 39749
What are the prime factors of 5638430?
2, 5, 7, 37, 311
What are the prime factors of 295145?
5, 59029
What are the prime factors of 500890?
2, 5, 13, 3853
What are the prime factors of 445227?
3, 19, 73, 107
What are the prime factors of 864731?
7, 23, 41, 131
List the prime factors of 1121817.
3, 19, 19681
List the prime factors of 242438.
2, 7, 17317
What are the prime factors of 1765106?
2, 7, 126079
What are the prime factors of 86273?
11, 23, 31
What are the prime factors of 2668460?
2, 5, 23, 5801
What are the prime factors of 605722?
2, 13, 23297
What are the prime factors of 5472100?
2, 5, 54721
What are the prime factors of 226593?
3, 17, 1481
What are the prime factors of 33565?
5, 7, 137
What are the prime factors of 3735111?
3, 1245037
What are the prime factors of 39644?
2, 11, 17, 53
What are the prime factors of 16502115?
3, 5, 7, 157163
What are the prime factors of 8881688?
2, 313, 3547
List the prime factors of 1697807.
17, 99871
List the prime factors of 6621200.
2, 5, 16553
List the prime factors of 11697.
3, 7, 557
What are the prime factors of 45168?
2, 3, 941
What are the prime factors of 330244?
2, 82561
List the prime factors of 390875.
5, 53, 59
List the prime factors of 962730.
2, 3, 5, 19, 563
What are the prime factors of 406071?
3, 45119
List the prime factors of 343448.
2, 7, 6133
List the prime factors of 13449650.
2, 5, 268993
What are the prime factors of 10936730?
2, 5, 7, 23, 6793
What are the prime factors of 4015347?
3, 7, 367, 521
What are the prime factors of 11077239?
3, 73, 50581
What are the prime factors of 921438?
2, 3, 7, 71, 103
What are the prime factors of 11883922?
2, 5941961
List the prime factors of 16193101.
431, 37571
What are the prime factors of 328952?
2, 13, 3163
What are the prime factors of 2546235?
3, 5, 6287
What are the prime factors of 188984?
2, 23623
List the prime factors of 928036.
2, 19, 12211
What are the prime factors of 158824?
2, 19853
What are the prime factors of 470861?
367, 1283
List the prime factors of 282054.
2, 3, 29, 1621
What are the prime factors of 10568441?
13, 17, 29, 97
What are the prime factors of 17809472?
2, 17, 16369
What are the prime factors of 1011223?
743, 1361
What are the prime factors of 233723?
7, 173, 193
What are the prime factors of 301447?
301447
List the prime factors of 8407920.
2, 3, 5, 53, 661
What are the prime factors of 1627720?
2, 5, 40693
What are the prime factors of 3740733?
3, 227, 1831
What are the prime factors of 404273?
404273
List the prime factors of 429133.
31, 109, 127
List the prime factors of 1644742.
2, 11, 74761
List the prime factors of 13120749.
3, 1457861
What are the prime factors of 1604616?
2, 3, 13, 37, 139
List the prime factors of 2660273.
7, 11, 34549
List the prime factors of 590841.
3, 79, 277
What are the prime factors of 1478787?
3, 641, 769
What are the prime factors of 170868?
2, 3, 29, 491
What are the prime factors of 1716920?
2, 5, 42923
What are the prime factors of 2305599?
3, 269, 2857
List the prime factors of 890334.
2, 3, 49463
List the prime factors of 119408.
2, 17, 439
What are the prime factors of 224430?
2, 3, 5, 7481
What are the prime factors of 16071?
3, 11, 487
List the prime factors of 12126896.
2, 463, 1637
List the prime factors of 385217.
7, 113, 487
List the prime factors of 1579913.
151, 10463
List the prime factors of 124848.
2, 3, 17
What are the prime factors of 453828?
2, 3, 59, 641
What are the prime factors of 854892?
2, 3, 23747
What are the prime factors of 6216967?
6216967
List the prime factors of 4990302.
2, 3, 92413
List the prime factors of 185533.
185533
What are the prime factors of 4102004?
2, 23, 44587
What are the prime factors of 1553834?
2, 17, 23, 1987
What are the prime factors of 175225?
5, 43, 163
List the prime factors of 4100246.
2, 31, 41, 1613
List the prime factors of 18665540.
2, 5, 53, 17609
List the prime factors of 2468044.
2, 617011
List the prime factors of 1324724.
2, 67, 4943
List the prime factors of 283517.
13, 113, 193
What are the prime factors of 1408261?
19, 47, 83
List the prime factors of 1147170.
2, 3, 5, 38239
List the prime factors of 1996713.
3, 61, 3637
What are the prime factors of 12464420?
2, 5, 623221
What are the prime factors of 455620?
2, 5, 11, 19, 109
What are the prime factors of 161588?
2, 7, 29, 199
List the prime factors of 1620661.
7, 17, 13619
What are the prime factors of 926413?
337, 2749
List the prime factors of 4393040.
2, 5, 89, 617
What are the prime factors of 195208?
2, 13, 1877
List the prime factors of 28057138.
2, 907, 15467
List the prime factors of 199559.
199559
What are the prime factors of 592591?
19, 31189
List the prime factors of 1394829.
3, 154981
List the prime factors of 7279150.
2, 5, 197, 739
List the prime factors of 16834153.
7, 2404879
List the prime factors of 905673.
3, 19, 15889
List the prime factors of 5395291.
11, 490481
What are the prime factors of 452746?
2, 7, 73, 443
What are the prime factors of 1480087?
7, 211441
What are the prime factors of 6035617?
7, 862231
List the prime factors of 632576.
2, 7, 353
List the prime factors of 354538.
2, 177269
What are the prime factors of 26734575?
3, 5, 7, 50923
What are the prime factors of 14806716?
2, 3, 31, 53, 751
What are the prime factors of 2148772?
2, 269, 1997
What are the prime factors of 398038?
2, 17, 23, 509
List the prime factors of 15301.
11, 13, 107
List the prime factors of 5473556.
2, 11, 43, 263
List the prime factors of 2674228.
2, 271, 2467
L